*m**2 - 2*m - 1. Let k be a(-1). Let r be k/35 + (-1)/7. Suppose b = r + 22. List the prime factors of b.
2
Suppose -5*p + 3*d = -21, 13 = 4*p + p + d. Suppose -f - 5*t + 12 = -p, 3*t = 2*f - 95. List the prime factors of f.
2, 5
Let t(n) = -20*n + 29. Let p be t(-15). Suppose 171 = 4*f - p. What are the prime factors of f?
5
Let r(u) = -5 + u + 0 - 3 + 5. Let v be r(6). Suppose v*m - 11 - 4 = o, -3*o - 15 = -3*m. List the prime factors of m.
5
What are the prime factors of (-3*4/10)/(189/(-73395))?
2, 233
Suppose -4*r - 16 = s, r = 5*s - 6 - 19. Let t be ((-18)/15)/((-1)/r). Let p = t - -15. List the prime factors of p.
3
Let x = -796 + 1882. What are the prime factors of x?
2, 3, 181
Suppose 2*p = -4*j - 398, -5*p = j + j + 195. Let v = 141 + j. What are the prime factors of v?
41
Let b be ((-12)/(-9))/((-5)/(-105)). Let x = b + -15. List the prime factors of (10 - x)*(-1 + 0).
3
Let v be (2 - (-15)/(-6))*-10. Suppose 0 = 2*r - v*b - 56, -4*r + 70 = -2*r + 2*b. List the prime factors of r.
3, 11
Let z(q) = q**2 + 8*q + 13. Let w be z(-8). Suppose -4*y + 325 = w. List the prime factors of y.
2, 3, 13
Let u be (-274)/(-12) - 3/(-18). Let h = -27 + u. What are the prime factors of 12/h*111/(-9)?
37
Let f = -343 + 649. What are the prime factors of f?
2, 3, 17
Suppose -8312 - 3468 = -31*i. What are the prime factors of i?
2, 5, 19
Let q be 8/14 + 55/(-35). What are the prime factors of ((-7)/42)/(q/124)*3?
2, 31
Let f(c) = -10*c - 7*c**2 - 12 + c**3 + 21 - 10*c. List the prime factors of f(10).
109
Let x = 105 - -155. Let g(a) = -a**2 - 17*a - 26. Let i be g(-15). Suppose 0 = d + i*d - x. What are the prime factors of d?
2, 13
Suppose 5*p - 1645 = 2735. What are the prime factors of p?
2, 3, 73
Let n(u) = 10*u + 14. Let o be n(-7). Let h = -35 - o. List the prime factors of h.
3, 7
Let b(g) = -8*g**3 + 4*g**2 - 3*g + 2. Suppose 4*i = -2*o + 22, -3*o = o + 5*i - 32. Let l be b(o). What are the prime factors of 16/56 - l/7?
3
Suppose 5*x = -4*j - 105 + 1028, -j - 547 = -3*x. What are the prime factors of x?
3, 61
List the prime factors of 91476/24 - ((-2)/4 + 2).
2, 3, 5, 127
Let f = 9225 + -6388. List the prime factors of f.
2837
Suppose 399 = -3*d - 105. List the prime factors of (-2 - (-2 + 1)) + (-6 - d).
7, 23
Let q(y) = y**2 + 13*y - 13. Let h be q(-13). Let k(l) = l**2 + 13*l + 13. What are the prime factors of k(h)?
13
Let u be 2 + (0 - (-5 + 3)). Let p be -1*(u - (-8)/4). Let q = p - -14. What are the prime factors of q?
2
Suppose 9 = -36*d + 39*d. Suppose 1240 = -d*h + 11*h. What are the prime factors of h?
5, 31
Suppose -7*f - 4*f = 1023. Let t = f - -251. What are the prime factors of t?
2, 79
Suppose 0 = -j + 5*j. Suppose 3*i + 4*l = 194, j*l + 308 = 5*i - l. What are the prime factors of i?
2, 31
Let k(w) = w**3 - 9*w**2 - 11*w + 13. Let n be k(10). Let i(x) = 16*x**2 - 6*x - 7. List the prime factors of i(n).
7, 17
Let v(w) = w**2 + 2*w. Let k be v(-2). Suppose 5*b + i = -i + 184, -b - 2*i + 32 = k. What are the prime factors of b?
2, 19
Let m = -204 + 368. Suppose -4*h + m = -0*h. What are the prime factors of h?
41
Suppose -3*i + i = 8. What are the prime factors of ((-492)/3)/i + -3?
2, 19
Let w(d) = -d**3 + 2*d**2 - d + 2. Let v be w(2). Let u be 24/(-8)*(-1 + v). List the prime factors of 31*(2 - u - -2).
31
Let s = -740 - -1435. List the prime factors of s.
5, 139
Suppose 11*l = -4*l + 7590. List the prime factors of l.
2, 11, 23
What are the prime factors of -356*(-28)/8 - 7?
3, 7, 59
Let m be 17/5 - 6/15. Suppose -2*k - 1 = m. What are the prime factors of (-146)/(-10) - k/5?
3, 5
Let r = 2 + 1. Let d = 437 + -397. Suppose 137 = 3*v + 4*s, -83 - d = -r*v + 3*s. List the prime factors of v.
43
Let d be (2/(-6))/((-2)/6). Suppose 0 = a - 20 + d. What are the prime factors of a?
19
Let j(i) = i - 88. Let q be j(0). Let x be 16/q + (-400)/(-22). Suppose a - 39 - x = 0. What are the prime factors of a?
3, 19
Let m(l) = 5*l + 249. List the prime factors of m(-31).
2, 47
Let c(i) = 2*i**2 + 5*i - 22. Let z be c(-18). List the prime factors of (z/(-6))/(2/(-12)*4).
2, 67
Let h be 6/(-4) - 50/4. Suppose 15 = 4*l + z, 0 + 12 = -l + 5*z. List the prime factors of l/((-12)/8)*h.
2, 7
Let h(j) = -79*j - 22. Let w be h(-5). Suppose -k = 3*k - t - w, -3*k + 285 = t. List the prime factors of k.
2, 47
Let w = -262 + 72. Let g = w - -270. Suppose g = 6*c - c. List the prime factors of c.
2
Suppose 0 = 33*k + 24*k - 80427. What are the prime factors of k?
17, 83
What are the prime factors of (323/(-663) + 4/26)*-1578?
2, 263
Suppose -12 = -2*u - 0*u. Suppose 0 = -3*d - 0*g + 2*g + 17, d - g - u = 0. Suppose 4*m - 33 = -d*b + 2*b, -5*m = -15. List the prime factors of b.
7
What are the prime factors of (196/(-98))/((-2)/1013)?
1013
Suppose 46*x - 6*x - 7480 = 0. List the prime factors of x.
11, 17
Let i = 4 - 5. Let k be i*(4 - (1 + -3)). What are the prime factors of k/27 - 1464/(-27)?
2, 3
Suppose 0 = 2*k - 15*k + 52. Suppose -2*o + 184 = 2*u, -u + 4*o - 278 = -k*u. List the prime factors of u.
2, 3, 5
Suppose -1 = -4*x - 25. List the prime factors of 4 + 332/6 + 2/x.
59
Let o(c) = 7*c - 2*c + 27 - 16. List the prime factors of o(9).
2, 7
Let l(z) = 6*z + 4. Let h = 21 + -14. Let a be l(h). List the prime factors of 0 + 2/1 + a.
2, 3
Let j(r) = 4*r**2 + 6*r - 3. Suppose -3*n = 4*u + 18, 6 + 6 = -2*n + 4*u. What are the prime factors of j(n)?
3, 5, 7
Suppose 3*k = -2*w - 3*w + 683, -899 = -4*k + 5*w. What are the prime factors of k?
2, 113
Let i(q) = q - 1. Let s be i(2). Let w be (-333)/(-6)*2*s. Suppose -36 = -3*y + w. What are the prime factors of y?
7
Suppose 251*f - 245*f = 1788. List the prime factors of f.
2, 149
Let s be (10/15)/(2/(-15)). Let l be 405/25 + 1/s. Suppose 0 = -g - 4*u + 47 + l, -4*g = -u - 235. List the prime factors of g.
59
Let t(a) = 111*a**3 + 1. Let l be t(1). Suppose -3*r - r = l. Let d = r - -47. What are the prime factors of d?
19
Suppose 2*k - 4*y - 35 - 17 = 0, 2*y = -5*k + 166. Let a = -35 - -21. Let z = a + k. What are the prime factors of z?
2, 3
Let c be (-24)/(-20)*20/6. Suppose -156 = -4*j - c*l, -2*l - 17 - 178 = -5*j. Suppose 4 - j = -q. List the prime factors of q.
5, 7
Let p = -41 - -110. Let t = 153 - p. What are the prime factors of t?
2, 3, 7
Suppose -16*o - 42 = 5*o. Let y(n) = -15*n**2 - 3*n - 6. Let h(u) = -u**2 - 1. Let j(q) = 4*h(q) - y(q). List the prime factors of j(o).
2, 5
Suppose 5*u + 15 = -5*m, -2*m = 4*u - 7*m - 6. List the prime factors of 715/13 + (0 - 2) + u.
2, 13
Let s(u) = u + 12. Let m be s(-9). Suppose 2*b + 5*p - 37 = 0, 0 = -2*b - m*b + 5*p + 75. Let h = -9 + b. What are the prime factors of h?
7
Let h = 8152 - 4401. What are the prime factors of h?
11, 31
Let q = 3687 - 2561. List the prime factors of q.
2, 563
Let m = 6615 + -4697. What are the prime factors of m?
2, 7, 137
Let z = -19 + 21. Suppose 0*f = -b + 2*f + z, 1 = -2*b - f. Suppose -112 = -2*k - 3*y, b*k + 2*y + 70 = k. List the prime factors of k.
2, 31
Let o be (0 + 29)/((-95)/25 - -4). Suppose o = 3*p - 242. What are the prime factors of p?
3, 43
Let t(v) = -8*v + 20. Let p be t(-3). Let j = 59 + p. What are the prime factors of j?
103
Let h = -188 - -621. What are the prime factors of h?
433
Suppose -5*w - 2*o = 2*o - 1516, -4*w + 4*o = -1220. Let i = 435 - w. List the prime factors of i.
131
Let f = 44 + -39. What are the prime factors of (93/f + 1)*5?
2, 7
Suppose 0 = 8*k + 3*k - 2387. Let n = k + -150. What are the prime factors of n?
67
Suppose -8 - 7 = -5*x. Let i be 13/(-1)*(-9 + x). Suppose -4*w + i = 18. List the prime factors of w.
3, 5
Let a(h) be the first derivative of 37*h**3/3 + h**2/2 - 3*h + 2. List the prime factors of a(2).
3, 7
Let q(k) = 66*k + 380. List the prime factors of q(47).
2, 1741
Let t(n) = n**2 + 6*n - 3. Let z be t(-4). Let k = z - -28. Suppose 2*i - i - k = 0. List the prime factors of i.
17
Let m(h) = h**2 - 37*h + 78. List the prime factors of m(38).
2, 29
Suppose -2*s - q + 5 = 0, 0*s = -4*s - 4*q. Let i be 2 + (-1 - 0) - -3. Suppose -n + 3*n + i = 0, 62 = 2*g + s*n. What are the prime factors of g?
2, 3
Suppose 0 = 4*q - 13*t + 9*t - 15584, 4*q + 5*t = 15584. What are the prime factors of q?
2, 487
Suppose 8*a - 3*a + 2850 = 0. What are the prime factors of a/(-8) - (-